t s(w) = -w**3 - 3*w**2 - 41*w + 14. Calculate the remainder when s(-7) is divided by 43.
24
Let d = -36 - -36. Suppose -2*z = -4*y + 295 + 105, d = -2*z. What is the remainder when y is divided by 34?
32
Suppose -238*w = -715 - 1077 - 1540. Calculate the remainder when 55*(1 - (-1 + 1)) is divided by w.
13
Let h(q) be the second derivative of 1/6*q**3 + 11*q + 16*q**2 + 0. Calculate the remainder when h(-15) is divided by 6.
5
Suppose -3*n + 9 = -w, -4*w - 10 = -2*n - 4. Let h = 17 - -40. Suppose -2*i - 2*q = -i - h, 111 = 2*i + n*q. Calculate the remainder when i is divided by 26.
25
Suppose 4*r = 4*h - 140, -4*r + 3*h = h + 138. Let y = -17 - r. Suppose -180*l + 2763 = -126*l - 639. Calculate the remainder when l is divided by y.
12
Let s(j) = -j**2 - 167*j - 783. Calculate the remainder when s(-5) is divided by 14.
13
Suppose 0 = 35*z - 518 - 777. Suppose 0 = -7*q + z*q - 2130. What is the remainder when 278 is divided by q?
65
Let l = 211 + -111. Suppose 10*s - l = 50. Calculate the remainder when 23 is divided by s.
8
Suppose 9*s = 4*s + l + 35, 2*s + 2*l = 14. Let h = s + -9. What is the remainder when 68 is divided by ((3 + h)*(22 - 3))/1?
11
Let p = 127 - 125. Suppose 5*u + 3*f - 732 = 0, 0*u - 4*u + p*f + 590 = 0. What is the remainder when u is divided by 37?
36
Let r(x) = -5*x + 6. Let k be r(7). Let l be (-12 - 1)*(1 + 0). Let d = l - k. Calculate the remainder when 30 is divided by d.
14
Let q = -9910 - -10243. Let z(b) = b**3 - 7*b**2 + 2*b + 7. Calculate the remainder when q is divided by z(7).
18
Let h(i) = 43*i**2 + 10*i + 55. What is the remainder when h(8) is divided by 19?
18
Suppose 64*h - 2263 - 614 = 61*h. What is the remainder when h is divided by 24?
23
Suppose 11*t - 9*t - 5*z - 56 = 0, 3*t - z = 97. Calculate the remainder when 11051 is divided by t.
29
Let t be -3 - (-41*2 + 1). Suppose 248 = 83*u - 87*u. Let i = u + t. Calculate the remainder when 44 is divided by i.
12
Let u = -693 + 697. Suppose -u*m + 763 = -3*d, 0 = -3*m - d + 322 + 234. Calculate the remainder when m is divided by 21.
19
Suppose 102*l = -14*l + 67860. Calculate the remainder when l is divided by (42/49)/(2/28).
9
Let k be (2/6)/(1/84). Suppose -4*z + 12 + k = 0. Calculate the remainder when 142 is divided by -2*(-12)/10*z.
22
Let z(m) = -10*m - 42. Let h be z(-12). Let g = -130 + h. Calculate the remainder when 77 is divided by -6*g/(-16)*-2.
38
Let p = -9782 + 9989. Suppose 5*n = -2*z + 79, z + 3*n - 37 = -0*z. Calculate the remainder when p is divided by z.
51
Let q(h) = 3*h - 3. Let n(l) = -2*l - 13. Let o be n(-8). Let a be q(o). Suppose -146 = -a*t - 32. What is the remainder when 35 is divided by t?
16
Suppose 4*p + 33*t = 38*t + 1103, 2*p = -3*t + 557. Calculate the remainder when p is divided by 88.
13
Let v = 192 + -182. Let r = -5 + 20. Calculate the remainder when r is divided by v.
5
Let t be (-168)/49 - -4 - (-53)/(-7). Let j be (t/14)/(3/(-1260)). Suppose 7*o = 4*o + j. What is the remainder when o is divided by 36?
34
Let i(f) = -f**3 - f**2 - 4*f. Let q(y) = 2*y**3 + 10*y**2 - 8*y + 16. Let d be q(11). Calculate the remainder when ((-4)/(-10))/(19/d) is divided by i(-2).
8
Let p(d) be the first derivative of -2*d**3/3 - 15*d**2/2 - 13*d - 20. Let j be p(9). Let a = j + 543. What is the remainder when a is divided by 47?
45
Suppose 5*f = -7*v + 12*v + 460, -408 = -4*f - 4*v. Suppose -5*k + 55 = -0*k. Calculate the remainder when f is divided by k.
9
Suppose 350 - 242 = -2*f + 6*f. What is the remainder when 267 is divided by f?
24
Let a = 1222 + -550. Suppose 0 = -5*p - 172 + a. What is the remainder when 292 is divided by p?
92
Suppose -21*u = -19*u - 780. Suppose 7*q - q = -u. Let s = 104 + q. What is the remainder when s is divided by 6?
3
Let u(j) = -j**2 + j + 2. Let n be u(2). Suppose 2*o + 50 = 4*w + 8, -2*w - 129 = 5*o. Let a = n - o. What is the remainder when 92 is divided by a?
17
What is the remainder when 2036 is divided by (-1)/(0 + (-5 - 204/(-41)))?
27
Suppose -220 = -2*d - 8*u + 11*u, d + u = 105. What is the remainder when d is divided by 10?
7
Suppose 3552 = -993*v + 1030*v. Let g(b) = 27*b**2 - 2*b - 1. Calculate the remainder when v is divided by g(-1).
12
Suppose -4*h + 84 = -48. Suppose -1428 + 288 = -15*m. Calculate the remainder when m is divided by h.
10
Suppose -6 = 3*s, -9*t + 5*t = s - 54. What is the remainder when 1062 is divided by t?
12
Let x(c) = 9*c**3 - 8*c**2 + c + 11. Let y(w) = 3*w**3 - w**2 + 1. Let l(s) = x(s) - 4*y(s). What is the remainder when l(-3) is divided by (38/(-3))/((-8)/12)?
11
Let w = -33 - -37. Suppose -w*b = b + 440. What is the remainder when 51 is divided by (-24)/(-60) - b/5?
15
Let q = -6734 - -13403. What is the remainder when q is divided by 46?
45
Let c = 2756 - 2597. What is the remainder when 951 is divided by c?
156
Let a(g) = 45*g**2 + 441*g - 2648. Calculate the remainder when a(6) is divided by 18.
16
Let x(u) = 36*u - 3. Let d be x(-2). Let v be (6/(-9))/(10/d). Suppose v*t - 10*t = -140. What is the remainder when 82 is divided by t?
26
Let z be (1 - 0)*1/((-1)/(-3)). Suppose -15 = 3*i, 5*q - z*i - 2520 = 2*i. Calculate the remainder when 2/8 - q/(-4) is divided by 32.
29
Let v = -4884 - -4921. Calculate the remainder when 123 is divided by v.
12
Let x(k) = 8 - k + 31 - 10. Calculate the remainder when 21 is divided by x(26).
0
Suppose m = 4*p - 7780, -3*p - 7*p + 2*m + 19450 = 0. Calculate the remainder when p is divided by 139.
138
Let x(p) = 24*p + 64. Calculate the remainder when 1477 is divided by x(5).
5
Let h = 682 + -477. What is the remainder when 1224 is divided by h?
199
Let s be (36/30)/(((-18)/(-3))/(-180)). What is the remainder when (-940)/(-18) + (-4)/18 is divided by (s - -31) + 12 + -1?
4
Let n(j) = -1 - 6*j**2 + 26*j - j**3 + 73 - 7*j**2 - 8*j. Calculate the remainder when 141 is divided by n(-14).
13
Suppose 29 = -4*y + 17, -4*d = -6*y - 74. What is the remainder when 83 is divided by d?
13
Suppose 0 = -5*q - 10, 0 = 2*w - 3*q - 71 + 27. Suppose -54*c + 920 = -48*c - 418. Calculate the remainder when c is divided by w.
14
Suppose -c + 2*c - 46 = 0. What is the remainder when (0 + (-140)/(-6))*(6817/(-85) - -85) is divided by c?
20
Let s be (-49)/1 + (25 - 21). Let t be s/(-12) + 1/4 - -46. Suppose t = 56*z - 51*z. What is the remainder when 49 is divided by z?
9
Suppose -11*y + 29*y = 4158. Let k(w) = 9*w**3 - w**2 - 2*w - 1. Let o be k(3). Suppose -y*t = -o*t - 100. Calculate the remainder when 88 is divided by t.
13
Let f(q) = -33*q**3 - 7*q**2 - 3*q + 3. What is the remainder when 1214 is divided by f(-1)?
30
Let t(x) = 2*x**2 - 17*x - 84. Let z be t(12). Suppose z = -6*r + 158 + 724. Calculate the remainder when r is divided by 10.
7
Let s(u) = 4*u - 12. Suppose 3*r + 3*z - 8*z + 235 = 0, 2*r + 140 = -5*z. Let g = r - -80. Calculate the remainder when s(10) is divided by g.
3
Suppose 3*u - 5*q = 4*u - 51, q + 217 = 3*u. What is the remainder when 161 is divided by u?
19
Suppose -183*f = -292*f + 3379. Calculate the remainder when f is divided by (-32)/((-2)/(1 - 0)).
15
Let d(a) = a**3 + 17*a**2 + 15*a - 11. Let w = 39 - 55. Suppose -237 - 11 = -8*m. Calculate the remainder when m is divided by d(w).
1
Suppose 4*b - b - 6 = 0, 2*b = -2*d + 358. Let w = d + -122. Calculate the remainder when 327 is divided by w.
52
Suppose -389*k + 17892 = -361*k. Calculate the remainder when k is divided by 106.
3
Let h = 70 - 68. Suppose -4*r = -i - 6 - h, 5*i - 32 = -4*r. Suppose -5*n + 73 = 2*s, -r*s = -5*n + s + 49. What is the remainder when 21 is divided by n?
8
Let i = -143 - -150. Let o(r) = r**3 - 5*r**2 - 12*r - 6. What is the remainder when 12 is divided by o(i)?
4
Suppose 0 = -5*u + p - 0 + 19, 7 = -3*u - 4*p. Suppose 10 = u*j + 1, -5*d - 3*j = -114. Calculate the remainder when d is divided by 6.
3
Let g = 1983 - 1969. What is the remainder when 230 is divided by g?
6
Suppose -9 = -h + s - 5, 5*s = -4*h + 25. Suppose 0 = -4*f - 0*f, f = 5*n - 70. What is the remainder when n is divided by h?
4
Let k be ((-2 - -2)*(-3 + 2))/(-4). Suppose k = -4*z + 8, -2*z = 5*a - z - 107. Calculate the remainder when 27 is divided by a.
6
Let z = 8728 - 8710. What is the remainder when 333 is divided by z?
9
Let j = -184 - -221. Suppose -j - 131 = -7